z(s) = 2*s**2 + 26*s + 51. Calculate z(-8).
-29
Let b(o) = o**3 + 3*o**2 - 24*o + 31. Calculate b(-7).
3
Let x(h) = h**2 + 22*h - 91. Determine x(0).
-91
Let y(z) = 2*z**3 + 5*z**2 - 26. Determine y(-5).
-151
Let m(r) = r**2 - 201*r + 5943. Calculate m(165).
3
Let p(b) = 57*b - 222. Calculate p(4).
6
Let w(l) = 1318*l + 96218. Give w(-73).
4
Let i(l) = -4*l**2 - 44*l - 9. Determine i(-9).
63
Let m(b) = 24*b + 27. Calculate m(3).
99
Let l(q) = -442*q + 7515. Give l(17).
1
Let q(x) = 20*x**3 - 10*x**2 - 14*x - 3. What is q(-2)?
-175
Let t(f) = f**2 + 45*f + 568. Calculate t(-30).
118
Let k(m) = -179*m + 2946. Give k(17).
-97
Let s(j) = j**2 - 34*j - 201. What is s(33)?
-234
Let x(w) = -w**2 + 84*w - 1605. Calculate x(55).
-10
Let b(o) = 2*o**3 - 24*o**2 + 13*o - 87. Determine b(12).
69
Let k(o) = -2*o**2 + 178*o - 988. Calculate k(6).
8
Let j(d) = -d**3 + 25*d**2 - 112*d - 111. Calculate j(19).
-73
Let k(a) = 4*a**2 - 30*a + 48. Calculate k(4).
-8
Let f(t) = -2*t + 71. Give f(10).
51
Let j(f) = -2*f**2 - 11*f + 159. What is j(-12)?
3
Let u(x) = -154*x + 767. What is u(5)?
-3
Let x(f) = -f**3 + 66*f**2 + 196*f - 4066. Determine x(68).
14
Let u(c) = 45*c**3 - 3*c**2 - c + 1. Determine u(-1).
-46
Let m(i) = -i**2 + 4*i + 17. Calculate m(-6).
-43
Let t(x) = x**3 + 16*x**2 - 26*x + 43. Give t(-18).
-137
Let d(o) = -o**2 + 127*o - 4039. What is d(65)?
-9
Let q(l) = l**2 + 240*l + 1865. Calculate q(-8).
9
Let f(k) = 173*k**2 + 5*k - 1. Give f(-1).
167
Let x(o) = -61*o - 105. What is x(-2)?
17
Let b(u) = -u**3 + 50*u**2 - 431*u + 89. What is b(39)?
11
Let b(q) = 117*q - 1195. What is b(11)?
92
Let s(n) = -n**2 - 81*n + 8248. Give s(59).
-12
Let s(c) = 2*c**3 - 18*c**2 - 73*c + 515. Determine s(10).
-15
Let v(m) = -183*m - 3205. Give v(-18).
89
Let l(s) = 2*s**3 + 36*s**2 + 113*s + 19. Determine l(-14).
5
Let i(y) = -955*y - 4729. Give i(-5).
46
Let f(g) = -102*g + 8963. Calculate f(88).
-13
Let z(a) = -133*a + 1315. Give z(11).
-148
Let j(y) = 49*y - 523. What is j(11)?
16
Let w(z) = 2*z**3 - 30*z**2 + 30*z - 11. Give w(14).
17
Let r(u) = -3*u**3 + 3*u**2 + 2*u + 2. Give r(-2).
34
Let o(k) = -29*k - 1086. Calculate o(-39).
45
Let o(d) = 2*d + 7. Calculate o(23).
53
Let x(w) = w**2 - 13*w - 98. What is x(-8)?
70
Let c(j) = 489*j - 2940. What is c(6)?
-6
Let p(y) = y**2 - 3*y - 183. What is p(-15)?
87
Let d(c) = 407*c - 419. Determine d(1).
-12
Let l(a) = 49*a + 170. Determine l(0).
170
Let d(z) = 611*z**2 - 20773*z - 27. Calculate d(34).
7
Let v(m) = -4*m**3 + 12*m**2 + 22*m - 35. Calculate v(4).
-11
Let m(b) = -3*b - 8. What is m(-10)?
22
Let x(d) = d**2 + 2*d - 294. Determine x(15).
-39
Let r(v) = -v**3 + 9*v**2 + 105*v + 16. Calculate r(17).
-511
Let x(b) = -20*b**2 + 379*b + 48. What is x(19)?
29
Let o(j) = 2*j**2 - 4*j - 2. Give o(-1).
4
Let j(f) = f**2 - f - 10. Give j(2).
-8
Let r(u) = -u**3 - 16*u**2 - 9*u + 8. Determine r(-15).
-82
Let j(d) = 18*d - 145. Calculate j(11).
53
Let j(d) = -123*d + 601. What is j(5)?
-14
Let p(s) = 5*s**2 + 74*s - 16. Calculate p(-15).
-1
Let i(n) = -n**3 + 40*n**2 + 129*n + 115. What is i(43)?
115
Let o(y) = 76*y + 680. What is o(-9)?
-4
Let l(g) = g**3 - 23*g**2 + 31*g - 253. Calculate l(22).
-55
Let r(m) = 8*m**2 + 1264*m + 11. Calculate r(-158).
11
Let i(l) = l**3 + 25*l**2 + 139*l - 125. Determine i(-10).
-15
Let g(h) = -h**3 - 7*h**2 + 24*h + 1. Give g(-7).
-167
Let h(v) = -v**2 - 368*v - 1796. Give h(-5).
19
Let g(o) = o**3 + 27*o**2 + 41*o - 254. Determine g(-25).
-29
Let m(u) = 3*u**3 - 34*u**2 + 167*u - 359. Give m(5).
1
Let k(r) = -r**3 - 9*r**2 - 31*r - 50. What is k(-4)?
-6
Let r(j) = 195*j + 971. Calculate r(-5).
-4
Let k(f) = -779*f**2 - 1563*f - 9. Determine k(-2).
1
Let h(n) = -5*n**3 + 1488*n**2 - 893*n + 582. What is h(297)?
-12
Let t(f) = -2*f**2 - 16*f + 916. Give t(18).
-20
Let r(d) = d**3 + 15*d**2 - 106*d - 59. Give r(-20).
61
Let d(c) = 17*c + 58. What is d(6)?
160
Let l(i) = -i**2 - 13*i + 339. What is l(-36)?
-489
Let q(b) = 172*b - 1531. Give q(9).
17
Let l(f) = 36*f + 44. Determine l(-1).
8
Let l(b) = b**3 + 31*b**2 - 109*b - 2634. What is l(-32)?
-170
Let v(w) = w**3 - 15*w**2 + 7*w + 3. Determine v(5).
-212
Let f(c) = 236*c + 471. Calculate f(-2).
-1
Let p(c) = 66*c**2 + 37*c + 37. Calculate p(-1).
66
Let q(n) = n**2 - 29*n - 5496. Give q(90).
-6
Let b(u) = -12*u + 4. What is b(-6)?
76
Let q(u) = u**2 - 73*u - 26737. Determine q(204).
-13
Let d(r) = -r**2 + 10*r - 5. Give d(12).
-29
Let p(m) = -m**3 - 13*m**2 - 45*m + 32. Give p(-7).
53
Let n(m) = -2*m**2 - 42*m + 3741. Calculate n(34).
1
Let g(f) = 6*f**2 - 3*f + 11. Determine g(-6).
245
Let y(g) = -g**3 - 6*g**2 + 410*g - 2501. Determine y(10).
-1
Let h(t) = -t**2 - 51*t - 131. Give h(-49).
-33
Let p(f) = -33*f**2 + 6*f - 127. Determine p(0).
-127
Let m(d) = d**3 - 17*d**2 + 7*d + 32. Determine m(17).
151
Let t(m) = -2*m**2 + 10*m - 22. What is t(5)?
-22
Let j(i) = -13*i - 56. Determine j(3).
-95
Let i(d) = -d**3 - 33*d**2 - 84*d + 174. What is i(-30)?
-6
Let p(c) = 335*c + 5364. Calculate p(-16).
4
Let b(g) = 32*g - 752. What is b(14)?
-304
Let m(n) = -n**2 + 20*n + 83. Calculate m(24).
-13
Let a(w) = 74*w + 811. Give a(-12).
-77
Let h(b) = -10*b - 156. Give h(-29).
134
Let n(t) = -187*t + 30. What is n(0)?
30
Let q(x) = -x**3 + 6*x**2 - 14*x + 93. Determine q(6).
9
Let n(o) = 2*o**2 - 1020*o + 23341. Calculate n(24).
13
Let h(k) = -k**3 - 30*k**2 - 60*k - 195. Determine h(-28).
-83
Let a(y) = 17*y + 280. Give a(7).
399
Let y(w) = 1240*w - 9927. What is y(8)?
-7
Let z(j) = 26*j - 426. What is z(19)?
68
Let d(g) = -34*g**2 + 158*g. Calculate d(5).
-60
Let m(r) = -15*r**2 - 21*r - 41. Calculate m(-2).
-59
Let u(d) = -d**2 + 106*d - 919. Give u(96).
41
Let d(g) = g**2 + 5*g - 1334. Give d(-39).
-8
Let m(i) = 2*i**2 + 11264*i + 45017. Determine m(-4).
-7
Let v(f) = f**2 + 29*f. Give v(-27).
-54
Let m(c) = -96*c - 1537. Give m(-16).
-1
Let v(i) = -1570*i + 10984. Calculate v(7).
-6
Let m(u) = u**3 + 41*u**2 + 185*u - 1810. What is m(-34)?
-8
Let y(a) = -34*a**3 - 7*a**2 + 11*a - 9. What is y(2)?
-287
Let o(n) = -n**3 + 11*n**2 - 8*n - 132. Give o(8).
-4
Let m(z) = z**2 - 24*z + 118. Determine m(13).
-25
Let b(s) = 5*s**2 - 115*s - 89. What is b(24)?
31
Let b(a) = -1446*a + 7234. Determine b(5).
4
Let q(n) = n**2 + 45*n - 596. Calculate q(11).
20
Let g(b) = -45*b**3 - 492*b**2 + 35*b - 32. Determine g(-11).
-54
Let i(d) = -102*d - 5166. Give i(-51).
36
Let c(t) = 13*t**2 - 993*t + 4639. Determine c(5).
-1
Let d(t) = 4*t + 38. Determine d(6).
62
Let r(c) = -c**3 + 28*c**2 - 185*c + 119. Determine r(9).
-7
Let p(x) = -2*x**2 + 55*x + 100. What is p(25)?
225
Let m(u) = 132*u - 4416. Give m(32).
-192
Let u(l) = -33*l + 315. What is u(8)?
51
Let q(x) = -x**3 - 2*x**2 + 8*x + 230. Give q(0).
230
Let s(m) = m**3 + 11*m**2 + 24*m + 42. Determine s(-5).
72
Let r(j) = 2*j**3 - 18*j**2 - 110*j - 17. What is r(13)?
-95
Let n(r) = 19*r**2 + 1131*r - 480. Give n(-60).
60
Let w(y) = 66*y**2 - 5*y - 4. Calculate w(-1).
67
Let a(m) = -m**2 - 65*m + 361. What is a(5)?
11
Let l(t) = 34*t + 611. Give l(-17).
33
Let n(y) = 5*y**3 - 58*y**2 + 123*y - 48. Calculate n(9).
6
Let g(h) = 4*h**3 + 221*h**2 + 350*h + 4329. Calculate g(-54).
9
Let f(o) = o**2 + 41*o - 141. Calculate f(-44).
-9
Let a(x) = 8*x**2 - 20*x + 9. Determine a(4).
57
Let r(d) = -893*d - 44650. Calculate r(-50).
0
Let d(w) = w**3 + 9*w**2 - 90*w + 33. Determine d(-15).
33
Let z(y) = 6*y**3 - 90*y**2 + 339*y - 11. Give z(7).
10
Let k(f) = f**3 - 16*f**2 + 3*f - 87. Calculate k(16).
-39
Let p(i) = 470*i + 4683. Give p(-10).
-17
Let s(p) = -148*p + 3695. What is s(25)?
-5
Let r(n) = -n**2 + 106*n + 556. Determine r(111).
1
Let m(r) = r**3 + 12*r**2 + 32*r - 22. Determine m(-10).
-142
Let b(w) = 10*w**2 + 142*w - 900. Calculate b(6).
312
Let a(s) = 57*s - 768. Calculate a(15).
87
Let r(i) = -6*i**2 - 248*i + 417. Give r(-43).
-13
Let c(u) = -u - 8. Determine c(-5).
-3
Let d(g) = 4*g**2 + 16*g + 23. Calculate d(-2).
7
Let j(i) = 14*i + 253. Determine j(-18).
1
Let h(t) = 2*t**3 - 86*t**2 + 310*t - 6. Calculate h(39).
-84
Let i(k) = k**3 + 5*k**2 + 21*k + 4. Calculate i(-7).
-241
Let r(y) = -51*y + 352. Give r(7).
-5
Let a(r) = r**2 + 82*r + 514. What is a(-7)?
-11
Let a(t) = 26*t - 137. Determin